{"id":14,"date":"2024-06-14T03:43:33","date_gmt":"2024-06-13T18:43:33","guid":{"rendered":"https:\/\/mott-sun.com\/?page_id=14"},"modified":"2024-07-23T17:40:52","modified_gmt":"2024-07-23T08:40:52","slug":"%e3%81%8a%e5%95%8f%e3%81%84%e5%90%88%e3%82%8f%e3%81%9b","status":"publish","type":"page","link":"https:\/\/mott-sun.com\/?page_id=14","title":{"rendered":"\u304a\u554f\u3044\u5408\u308f\u305b"},"content":{"rendered":"\n<h4 class=\"wp-block-heading has-text-align-center\">SNS<\/h4>\n\n\n\n<p><a href=\"https:\/\/www.instagram.com\/mottsun_coin?igsh=MWx0Nm5zNGNtYmhhcg%3D%3D&amp;utm_source=qr\">Instagram<\/a>\uff5c@mottsun_coin<\/p>\n\n\n\n<p><a href=\"https:\/\/x.com\/mottsun_japan?ref_src=twsrc%5Egoogle%7Ctwcamp%5Eserp%7Ctwgr%5Eauthor\">X<\/a>\uff5cmottsun_japan<\/p>\n\n\n\n<h4 class=\"wp-block-heading has-text-align-center\">\u304a\u554f\u3044\u5408\u308f\u305b<\/h4>\n\n\n\n<div class=\"wpcf7 no-js\" id=\"wpcf7-f273-o1\" lang=\"ja\" dir=\"ltr\">\n<div class=\"screen-reader-response\"><p role=\"status\" aria-live=\"polite\" aria-atomic=\"true\"><\/p> <ul><\/ul><\/div>\n<form action=\"\/index.php?rest_route=%2Fwp%2Fv2%2Fpages%2F14#wpcf7-f273-o1\" method=\"post\" class=\"wpcf7-form init\" aria-label=\"\u30b3\u30f3\u30bf\u30af\u30c8\u30d5\u30a9\u30fc\u30e0\" novalidate=\"novalidate\" data-status=\"init\">\n<div style=\"display: none;\">\n<input type=\"hidden\" name=\"_wpcf7\" value=\"273\" \/>\n<input type=\"hidden\" name=\"_wpcf7_version\" value=\"5.9.6\" \/>\n<input type=\"hidden\" name=\"_wpcf7_locale\" value=\"ja\" \/>\n<input type=\"hidden\" name=\"_wpcf7_unit_tag\" value=\"wpcf7-f273-o1\" \/>\n<input type=\"hidden\" name=\"_wpcf7_container_post\" value=\"0\" \/>\n<input type=\"hidden\" name=\"_wpcf7_posted_data_hash\" value=\"\" \/>\n<input type=\"hidden\" name=\"_wpcf7_recaptcha_response\" value=\"\" \/>\n<\/div>\n<table class=\"CF7_table\">\n\t<tr>\n\t\t<th>\n\t\t\t<p><span class=\"CF7_req\">\u5fc5\u9808<\/span> \u3054\u76f8\u8ac7\u5185\u5bb9\n\t\t\t<\/p>\n\t\t<\/th>\n\t\t<td>\n\t\t\t<p><span class=\"wpcf7-form-control-wrap\" data-name=\"checkbox-inq\"><span class=\"wpcf7-form-control wpcf7-checkbox wpcf7-validates-as-required\"><span class=\"wpcf7-list-item first\"><input type=\"checkbox\" name=\"checkbox-inq[]\" value=\"\u51fa\u6f14\u306b\u95a2\u3057\u3066\" \/><span class=\"wpcf7-list-item-label\">\u51fa\u6f14\u306b\u95a2\u3057\u3066<\/span><\/span><span class=\"wpcf7-list-item\"><input type=\"checkbox\" name=\"checkbox-inq[]\" value=\"\u53d6\u6750\u306b\u95a2\u3057\u3066\" \/><span class=\"wpcf7-list-item-label\">\u53d6\u6750\u306b\u95a2\u3057\u3066<\/span><\/span><span class=\"wpcf7-list-item last\"><input type=\"checkbox\" name=\"checkbox-inq[]\" value=\"\u305d\u306e\u4ed6\" \/><span class=\"wpcf7-list-item-label\">\u305d\u306e\u4ed6<\/span><\/span><\/span><\/span>\n\t\t\t<\/p>\n\t\t<\/td>\n\t<\/tr>\n\t<tr>\n\t\t<th>\n\t\t\t<p><span class=\"CF7_req\">\u5fc5\u9808<\/span> \u304a\u540d\u524d\n\t\t\t<\/p>\n\t\t<\/th>\n\t\t<td>\n\t\t\t<p><span class=\"wpcf7-form-control-wrap\" data-name=\"your-name\"><input size=\"40\" maxlength=\"80\" class=\"wpcf7-form-control wpcf7-text wpcf7-validates-as-required\" aria-required=\"true\" aria-invalid=\"false\" placeholder=\"\u4f8b\uff1a\u3042\u306a\u305f\u306e\u304a\u540d\u524d\" value=\"\" type=\"text\" name=\"your-name\" \/><\/span>\n\t\t\t<\/p>\n\t\t<\/td>\n\t<\/tr>\n\t<tr>\n\t\t<th>\n\t\t\t<p><span class=\"CF7_req\">\u5fc5\u9808<\/span> \u30e1\u30fc\u30eb\u30a2\u30c9\u30ec\u30b9\n\t\t\t<\/p>\n\t\t<\/th>\n\t\t<td>\n\t\t\t<p><span class=\"wpcf7-form-control-wrap\" data-name=\"your-email\"><input size=\"40\" maxlength=\"80\" class=\"wpcf7-form-control wpcf7-email wpcf7-validates-as-required wpcf7-text wpcf7-validates-as-email\" aria-required=\"true\" aria-invalid=\"false\" placeholder=\"\u4f8b\uff1a\u00d7\u00d7\u00d7@\u00d7\u00d7\u00d7.com\" value=\"\" type=\"email\" name=\"your-email\" \/><\/span>\n\t\t\t<\/p>\n\t\t<\/td>\n\t<\/tr>\n\t<tr>\n\t\t<th>\n\t\t\t<p><span class=\"CF7_unreq\">\u4efb\u610f<\/span> \u4f1a\u793e\u540d\n\t\t\t<\/p>\n\t\t<\/th>\n\t\t<td>\n\t\t\t<p><span class=\"wpcf7-form-control-wrap\" data-name=\"your-company\"><input size=\"40\" maxlength=\"80\" class=\"wpcf7-form-control wpcf7-text\" aria-invalid=\"false\" placeholder=\"\u4f8b\uff1a\u25ef\u25ef\u682a\u5f0f\u4f1a\u793e\" value=\"\" type=\"text\" name=\"your-company\" \/><\/span>\n\t\t\t<\/p>\n\t\t<\/td>\n\t<\/tr>\n\t<tr>\n\t\t<th>\n\t\t\t<p><span class=\"CF7_req\">\u4efb\u610f<\/span> \u90f5\u4fbf\u756a\u53f7\n\t\t\t<\/p>\n\t\t<\/th>\n\t\t<td>\n\t\t\t<p><span class=\"wpcf7-form-control-wrap\" data-name=\"zip\"><input size=\"40\" maxlength=\"80\" class=\"wpcf7-form-control wpcf7-text\" id=\"zip\" aria-invalid=\"false\" placeholder=\"\u4f8b\uff1a123-4567\" value=\"\" type=\"text\" name=\"zip\" \/><\/span>\n\t\t\t<\/p>\n\t\t<\/td>\n\t<\/tr>\n\t<tr>\n\t\t<th>\n\t\t\t<p><span class=\"CF7_req\">\u4efb\u610f<\/span> \u90fd\u9053\u5e9c\u770c\n\t\t\t<\/p>\n\t\t<\/th>\n\t\t<td>\n\t\t\t<p><span class=\"wpcf7-form-control-wrap\" data-name=\"pref\"><input size=\"40\" maxlength=\"80\" class=\"wpcf7-form-control wpcf7-text\" id=\"pref\" aria-invalid=\"false\" placeholder=\"\u4f8b\uff1a\u6771\u4eac\u90fd\" value=\"\" type=\"text\" name=\"pref\" \/><\/span>\n\t\t\t<\/p>\n\t\t<\/td>\n\t<\/tr>\n\t<tr>\n\t\t<th>\n\t\t\t<p><span class=\"CF7_req\">\u4efb\u610f<\/span> \u3054\u4f4f\u6240\n\t\t\t<\/p>\n\t\t<\/th>\n\t\t<td class=\"address-100\">\n\t\t\t<p><span class=\"wpcf7-form-control-wrap\" data-name=\"addr\"><input size=\"40\" maxlength=\"80\" class=\"wpcf7-form-control wpcf7-text\" id=\"addr\" aria-invalid=\"false\" placeholder=\"\u4f8b\uff1a\u4e2d\u592e\u533a\u9280\u5ea7\uff11\uff12\uff13\uff14\uff15\" value=\"\" type=\"text\" name=\"addr\" \/><\/span>\n\t\t\t<\/p>\n\t\t<\/td>\n\t<\/tr>\n\t<tr>\n\t\t<th>\n\t\t\t<p><span class=\"CF7_req\">\u5fc5\u9808<\/span> \u304a\u96fb\u8a71\u756a\u53f7\n\t\t\t<\/p>\n\t\t<\/th>\n\t\t<td>\n\t\t\t<p><span class=\"wpcf7-form-control-wrap\" data-name=\"your-tel\"><input size=\"40\" maxlength=\"80\" class=\"wpcf7-form-control wpcf7-text wpcf7-validates-as-required\" aria-required=\"true\" aria-invalid=\"false\" placeholder=\"\u4f8b\uff1a03-1234-5678\" value=\"\" type=\"text\" name=\"your-tel\" \/><\/span>\n\t\t\t<\/p>\n\t\t<\/td>\n\t<\/tr>\n\t<tr>\n\t\t<th>\n\t\t\t<p><span class=\"CF7_req\">\u5fc5\u9808<\/span> \u30e1\u30c3\u30bb\u30fc\u30b8\u672c\u6587\n\t\t\t<\/p>\n\t\t<\/th>\n\t\t<td class=\"message-100\">\n\t\t\t<p><span class=\"wpcf7-form-control-wrap\" data-name=\"your-message\"><textarea cols=\"40\" rows=\"10\" maxlength=\"400\" class=\"wpcf7-form-control wpcf7-textarea wpcf7-validates-as-required\" aria-required=\"true\" aria-invalid=\"false\" placeholder=\"\u304a\u554f\u3044\u5408\u308f\u305b\u5185\u5bb9\u3092\u3054\u8a18\u5165\u304f\u3060\u3055\u3044\" name=\"your-message\"><\/textarea><\/span>\u3000\n\t\t\t<\/p>\n\t\t<\/td>\n\t<\/tr>\n<\/table>\n<p class=\"CF7_btn\"><input class=\"wpcf7-form-control wpcf7-submit has-spinner\" type=\"submit\" value=\"\u9001\u4fe1\u3059\u308b\" \/>\n<\/p><div class=\"wpcf7-response-output\" aria-hidden=\"true\"><\/div>\n<\/form>\n<\/div>\n\n","protected":false},"excerpt":{"rendered":"<p>SNS Instagram\uff5c@mottsun_coin X\uff5cmottsun_japan \u304a\u554f\u3044\u5408\u308f\u305b<\/p>\n","protected":false},"author":1,"featured_media":0,"parent":0,"menu_order":0,"comment_status":"closed","ping_status":"closed","template":"","meta":{"vkexunit_cta_each_option":"","footnotes":""},"class_list":["post-14","page","type-page","status-publish","hentry"],"yoast_head":"<!-- This site is optimized with the Yoast SEO plugin v22.9 - https:\/\/yoast.com\/wordpress\/plugins\/seo\/ -->\n<title>\u304a\u554f\u3044\u5408\u308f\u305b - \u30de\u30b8\u30b7\u30e3\u30f3\u3082\u3063\u3055\u3093.\u30aa\u30d5\u30a3\u30b7\u30e3\u30eb\u30b5\u30a4\u30c8<\/title>\n<meta name=\"robots\" content=\"index, follow, max-snippet:-1, max-image-preview:large, max-video-preview:-1\" \/>\n<link rel=\"canonical\" href=\"https:\/\/mott-sun.com\/?page_id=14\" \/>\n<meta property=\"og:locale\" content=\"ja_JP\" \/>\n<meta property=\"og:type\" content=\"article\" \/>\n<meta property=\"og:title\" content=\"\u304a\u554f\u3044\u5408\u308f\u305b - \u30de\u30b8\u30b7\u30e3\u30f3\u3082\u3063\u3055\u3093.\u30aa\u30d5\u30a3\u30b7\u30e3\u30eb\u30b5\u30a4\u30c8\" \/>\n<meta property=\"og:description\" content=\"SNS Instagram\uff5c@mottsun_coin X\uff5cmottsun_japan \u304a\u554f\u3044\u5408\u308f\u305b\" \/>\n<meta property=\"og:url\" content=\"https:\/\/mott-sun.com\/?page_id=14\" \/>\n<meta property=\"og:site_name\" content=\"\u30de\u30b8\u30b7\u30e3\u30f3\u3082\u3063\u3055\u3093.\u30aa\u30d5\u30a3\u30b7\u30e3\u30eb\u30b5\u30a4\u30c8\" \/>\n<meta property=\"article:modified_time\" content=\"2024-07-23T08:40:52+00:00\" \/>\n<meta property=\"og:image\" content=\"https:\/\/mott-sun.com\/wp-content\/uploads\/2024\/06\/PC\u7528-2.jpg\" \/>\n\t<meta property=\"og:image:width\" content=\"1955\" \/>\n\t<meta property=\"og:image:height\" content=\"1085\" \/>\n\t<meta property=\"og:image:type\" content=\"image\/jpeg\" \/>\n<meta name=\"twitter:card\" content=\"summary_large_image\" \/>\n<meta name=\"twitter:label1\" content=\"\u63a8\u5b9a\u8aad\u307f\u53d6\u308a\u6642\u9593\" \/>\n\t<meta name=\"twitter:data1\" content=\"1\u5206\" \/>\n<script type=\"application\/ld+json\" class=\"yoast-schema-graph\">{\"@context\":\"https:\/\/schema.org\",\"@graph\":[{\"@type\":\"WebPage\",\"@id\":\"https:\/\/mott-sun.com\/?page_id=14\",\"url\":\"https:\/\/mott-sun.com\/?page_id=14\",\"name\":\"\u304a\u554f\u3044\u5408\u308f\u305b - \u30de\u30b8\u30b7\u30e3\u30f3\u3082\u3063\u3055\u3093.\u30aa\u30d5\u30a3\u30b7\u30e3\u30eb\u30b5\u30a4\u30c8\",\"isPartOf\":{\"@id\":\"https:\/\/mott-sun.com\/#website\"},\"datePublished\":\"2024-06-13T18:43:33+00:00\",\"dateModified\":\"2024-07-23T08:40:52+00:00\",\"breadcrumb\":{\"@id\":\"https:\/\/mott-sun.com\/?page_id=14#breadcrumb\"},\"inLanguage\":\"ja\",\"potentialAction\":[{\"@type\":\"ReadAction\",\"target\":[\"https:\/\/mott-sun.com\/?page_id=14\"]}]},{\"@type\":\"BreadcrumbList\",\"@id\":\"https:\/\/mott-sun.com\/?page_id=14#breadcrumb\",\"itemListElement\":[{\"@type\":\"ListItem\",\"position\":1,\"name\":\"\u30db\u30fc\u30e0\",\"item\":\"https:\/\/mott-sun.com\/\"},{\"@type\":\"ListItem\",\"position\":2,\"name\":\"\u304a\u554f\u3044\u5408\u308f\u305b\"}]},{\"@type\":\"WebSite\",\"@id\":\"https:\/\/mott-sun.com\/#website\",\"url\":\"https:\/\/mott-sun.com\/\",\"name\":\"\u30de\u30b8\u30b7\u30e3\u30f3\u3082\u3063\u3055\u3093.\u30aa\u30d5\u30a3\u30b7\u30e3\u30eb\u30b5\u30a4\u30c8\",\"description\":\"\u4e16\u754c\u304c\u8a8d\u3081\u305f\u30af\u30ed\u30fc\u30b9\u30a2\u30c3\u30d7\u30de\u30b8\u30b7\u30e3\u30f3\u3082\u3063\u3055\u3093.\u306e\u30aa\u30d5\u30a3\u30b7\u30e3\u30eb\u30b5\u30a4\u30c8\u3067\u3059\u3002\u30de\u30b8\u30c3\u30af\u3067\u3057\u304b\u4f53\u611f\u3067\u304d\u306a\u3044\u300e\u975e\u65e5\u5e38\u300f\u3092\u3054\u582a\u80fd\u304f\u3060\u3055\u3044\u3002\",\"publisher\":{\"@id\":\"https:\/\/mott-sun.com\/#\/schema\/person\/25cf375fd3819f611f1a637ca8692772\"},\"alternateName\":\"\u30de\u30b8\u30b7\u30e3\u30f3\u3082\u3063\u3055\u3093.\u516c\u5f0f\u30b5\u30a4\u30c8\",\"potentialAction\":[{\"@type\":\"SearchAction\",\"target\":{\"@type\":\"EntryPoint\",\"urlTemplate\":\"https:\/\/mott-sun.com\/?s={search_term_string}\"},\"query-input\":\"required name=search_term_string\"}],\"inLanguage\":\"ja\"},{\"@type\":[\"Person\",\"Organization\"],\"@id\":\"https:\/\/mott-sun.com\/#\/schema\/person\/25cf375fd3819f611f1a637ca8692772\",\"name\":\"mottsun\",\"image\":{\"@type\":\"ImageObject\",\"inLanguage\":\"ja\",\"@id\":\"https:\/\/mott-sun.com\/#\/schema\/person\/image\/\",\"url\":\"https:\/\/mott-sun.com\/wp-content\/uploads\/2024\/06\/cropped-ki.png\",\"contentUrl\":\"https:\/\/mott-sun.com\/wp-content\/uploads\/2024\/06\/cropped-ki.png\",\"width\":512,\"height\":512,\"caption\":\"mottsun\"},\"logo\":{\"@id\":\"https:\/\/mott-sun.com\/#\/schema\/person\/image\/\"}}]}<\/script>\n<!-- \/ Yoast SEO plugin. -->","yoast_head_json":{"title":"\u304a\u554f\u3044\u5408\u308f\u305b - \u30de\u30b8\u30b7\u30e3\u30f3\u3082\u3063\u3055\u3093.\u30aa\u30d5\u30a3\u30b7\u30e3\u30eb\u30b5\u30a4\u30c8","robots":{"index":"index","follow":"follow","max-snippet":"max-snippet:-1","max-image-preview":"max-image-preview:large","max-video-preview":"max-video-preview:-1"},"canonical":"https:\/\/mott-sun.com\/?page_id=14","og_locale":"ja_JP","og_type":"article","og_title":"\u304a\u554f\u3044\u5408\u308f\u305b - \u30de\u30b8\u30b7\u30e3\u30f3\u3082\u3063\u3055\u3093.\u30aa\u30d5\u30a3\u30b7\u30e3\u30eb\u30b5\u30a4\u30c8","og_description":"SNS Instagram\uff5c@mottsun_coin X\uff5cmottsun_japan \u304a\u554f\u3044\u5408\u308f\u305b","og_url":"https:\/\/mott-sun.com\/?page_id=14","og_site_name":"\u30de\u30b8\u30b7\u30e3\u30f3\u3082\u3063\u3055\u3093.\u30aa\u30d5\u30a3\u30b7\u30e3\u30eb\u30b5\u30a4\u30c8","article_modified_time":"2024-07-23T08:40:52+00:00","og_image":[{"width":1955,"height":1085,"url":"https:\/\/mott-sun.com\/wp-content\/uploads\/2024\/06\/PC\u7528-2.jpg","type":"image\/jpeg"}],"twitter_card":"summary_large_image","twitter_misc":{"\u63a8\u5b9a\u8aad\u307f\u53d6\u308a\u6642\u9593":"1\u5206"},"schema":{"@context":"https:\/\/schema.org","@graph":[{"@type":"WebPage","@id":"https:\/\/mott-sun.com\/?page_id=14","url":"https:\/\/mott-sun.com\/?page_id=14","name":"\u304a\u554f\u3044\u5408\u308f\u305b - \u30de\u30b8\u30b7\u30e3\u30f3\u3082\u3063\u3055\u3093.\u30aa\u30d5\u30a3\u30b7\u30e3\u30eb\u30b5\u30a4\u30c8","isPartOf":{"@id":"https:\/\/mott-sun.com\/#website"},"datePublished":"2024-06-13T18:43:33+00:00","dateModified":"2024-07-23T08:40:52+00:00","breadcrumb":{"@id":"https:\/\/mott-sun.com\/?page_id=14#breadcrumb"},"inLanguage":"ja","potentialAction":[{"@type":"ReadAction","target":["https:\/\/mott-sun.com\/?page_id=14"]}]},{"@type":"BreadcrumbList","@id":"https:\/\/mott-sun.com\/?page_id=14#breadcrumb","itemListElement":[{"@type":"ListItem","position":1,"name":"\u30db\u30fc\u30e0","item":"https:\/\/mott-sun.com\/"},{"@type":"ListItem","position":2,"name":"\u304a\u554f\u3044\u5408\u308f\u305b"}]},{"@type":"WebSite","@id":"https:\/\/mott-sun.com\/#website","url":"https:\/\/mott-sun.com\/","name":"\u30de\u30b8\u30b7\u30e3\u30f3\u3082\u3063\u3055\u3093.\u30aa\u30d5\u30a3\u30b7\u30e3\u30eb\u30b5\u30a4\u30c8","description":"\u4e16\u754c\u304c\u8a8d\u3081\u305f\u30af\u30ed\u30fc\u30b9\u30a2\u30c3\u30d7\u30de\u30b8\u30b7\u30e3\u30f3\u3082\u3063\u3055\u3093.\u306e\u30aa\u30d5\u30a3\u30b7\u30e3\u30eb\u30b5\u30a4\u30c8\u3067\u3059\u3002\u30de\u30b8\u30c3\u30af\u3067\u3057\u304b\u4f53\u611f\u3067\u304d\u306a\u3044\u300e\u975e\u65e5\u5e38\u300f\u3092\u3054\u582a\u80fd\u304f\u3060\u3055\u3044\u3002","publisher":{"@id":"https:\/\/mott-sun.com\/#\/schema\/person\/25cf375fd3819f611f1a637ca8692772"},"alternateName":"\u30de\u30b8\u30b7\u30e3\u30f3\u3082\u3063\u3055\u3093.\u516c\u5f0f\u30b5\u30a4\u30c8","potentialAction":[{"@type":"SearchAction","target":{"@type":"EntryPoint","urlTemplate":"https:\/\/mott-sun.com\/?s={search_term_string}"},"query-input":"required name=search_term_string"}],"inLanguage":"ja"},{"@type":["Person","Organization"],"@id":"https:\/\/mott-sun.com\/#\/schema\/person\/25cf375fd3819f611f1a637ca8692772","name":"mottsun","image":{"@type":"ImageObject","inLanguage":"ja","@id":"https:\/\/mott-sun.com\/#\/schema\/person\/image\/","url":"https:\/\/mott-sun.com\/wp-content\/uploads\/2024\/06\/cropped-ki.png","contentUrl":"https:\/\/mott-sun.com\/wp-content\/uploads\/2024\/06\/cropped-ki.png","width":512,"height":512,"caption":"mottsun"},"logo":{"@id":"https:\/\/mott-sun.com\/#\/schema\/person\/image\/"}}]}},"_links":{"self":[{"href":"https:\/\/mott-sun.com\/index.php?rest_route=\/wp\/v2\/pages\/14","targetHints":{"allow":["GET"]}}],"collection":[{"href":"https:\/\/mott-sun.com\/index.php?rest_route=\/wp\/v2\/pages"}],"about":[{"href":"https:\/\/mott-sun.com\/index.php?rest_route=\/wp\/v2\/types\/page"}],"author":[{"embeddable":true,"href":"https:\/\/mott-sun.com\/index.php?rest_route=\/wp\/v2\/users\/1"}],"replies":[{"embeddable":true,"href":"https:\/\/mott-sun.com\/index.php?rest_route=%2Fwp%2Fv2%2Fcomments&post=14"}],"version-history":[{"count":10,"href":"https:\/\/mott-sun.com\/index.php?rest_route=\/wp\/v2\/pages\/14\/revisions"}],"predecessor-version":[{"id":432,"href":"https:\/\/mott-sun.com\/index.php?rest_route=\/wp\/v2\/pages\/14\/revisions\/432"}],"wp:attachment":[{"href":"https:\/\/mott-sun.com\/index.php?rest_route=%2Fwp%2Fv2%2Fmedia&parent=14"}],"curies":[{"name":"wp","href":"https:\/\/api.w.org\/{rel}","templated":true}]}}